-e5dcf68
In base 13, what is -7 + -280805?
-28080c
In base 5, what is 22424 + -3213233?
-3140304
In base 12, what is -1 - -5659136?
5659135
In base 4, what is 11 + -1230312120?
-1230312103
In base 12, what is -258b - 1050?
-361b
In base 11, what is 8a78 - -420?
9398
In base 15, what is -21 + -32c289?
-32c2aa
In base 6, what is 1014 + 30155434?
30200452
In base 11, what is -565255a + 7?
-5652553
In base 5, what is -13 - -4002304434?
4002304421
In base 2, what is -100 - -1101110101100000000101?
1101110101100000000001
In base 6, what is -534040 + -3044?
-541124
In base 3, what is -121110022 + -2212110?
-201022202
In base 13, what is 20b30 + 1c7?
21027
In base 3, what is 211101201 - 12202?
211011222
In base 2, what is -10111 + 1011011000000101100110?
1011011000000101001111
In base 15, what is 43 + 67163?
671a6
In base 6, what is -215055115 + 2?
-215055113
In base 10, what is -5 - -3203227?
3203222
In base 7, what is -13 + 4320115?
4320102
In base 2, what is -101 - -10111111111001000111100100?
10111111111001000111011111
In base 15, what is -3882 - 813c?
-b9be
In base 7, what is -12612604 - 214?
-12613121
In base 13, what is 5b + -329b6?
-32958
In base 14, what is 13010a1 + -9?
1301096
In base 3, what is -11 + 211102222212120101?
211102222212120020
In base 16, what is -631d9 - -5?
-631d4
In base 3, what is -1 - -1210002202211122?
1210002202211121
In base 8, what is -476072 + -7?
-476101
In base 9, what is -174520750 - 3?
-174520753
In base 13, what is -416bc2 + b5?
-416b0a
In base 12, what is 82686 + -1267?
8141b
In base 11, what is -59978 - -1542?
-58436
In base 11, what is -2 - 56aa398?
-56aa39a
In base 7, what is 0 + 31121061?
31121061
In base 15, what is -d255e0 + 2b?
-d255b4
In base 15, what is -1aee - 23c?
-1d3b
In base 13, what is 29c57 + 11?
29c68
In base 6, what is 105400224 - -1?
105400225
In base 9, what is -1 + -61564530?
-61564531
In base 14, what is 71d - 1a8a43?
-1a8324
In base 16, what is 31 - -114d?
117e
In base 16, what is -1b0c + 19e9?
-123
In base 11, what is -2420724 + -2?
-2420726
In base 12, what is 2682277 - 0?
2682277
In base 14, what is 1 + -9921033?
-9921032
In base 11, what is -694 - a40a?
-aaa3
In base 5, what is 2 - -122204143414?
122204143421
In base 12, what is -88595 + 1?
-88594
In base 10, what is 490 + -975062?
-974572
In base 2, what is 1111000010101101 + 10111?
1111000011000100
In base 7, what is 64265306 + -6?
64265300
In base 6, what is 3555 - 4324?
-325
In base 2, what is -1000 - -1101110000001001001?
1101110000001000001
In base 10, what is 4526 + -1088?
3438
In base 5, what is 111102 - 4304101?
-4142444
In base 6, what is -24302 - 1544221?
-2012523
In base 3, what is -100111200 + -221122?
-101110022
In base 4, what is -212001 - 113300?
-331301
In base 9, what is 100331 + -1281?
88040
In base 8, what is -102004745 - -4?
-102004741
In base 2, what is -111010100 - 1000000001?
-1111010101
In base 2, what is 111001000011 - 10010000010001?
-1010111001110
In base 5, what is 1220344 + 30141?
1301040
In base 15, what is 11 + 5ac01?
5ac12
In base 15, what is 1653beb + -2?
1653be9
In base 5, what is 112241012 + 134?
112241201
In base 10, what is 32269 - 497?
31772
In base 5, what is 432442413321 - 2?
432442413314
In base 10, what is 3259750 + 50?
3259800
In base 9, what is 1 + -84314538?
-84314537
In base 11, what is -3 - -10524a532?
10524a52a
In base 6, what is 352 + 225444?
230240
In base 13, what is -7 + -1644c4?
-1644cb
In base 4, what is -2223 - 1001102023?
-1001110312
In base 5, what is 1202044 + -2124?
1144420
In base 9, what is -612782310 + -3?
-612782313
In base 12, what is -3154848 - 8?
-3154854
In base 10, what is -859 + -16131?
-16990
In base 3, what is 2 + 12112202220010002?
12112202220010011
In base 16, what is 1ce2c2 - -5?
1ce2c7
In base 16, what is 21 - 267a57?
-267a36
In base 10, what is -32 + -1529800?
-1529832
In base 7, what is 6601462044 - 0?
6601462044
In base 6, what is 1000 + -354234?
-353234
In base 11, what is 1269 - -2409?
3677
In base 5, what is -20333 + 313023?
242140
In base 4, what is -1210021202 - 322?
-1210022130
In base 14, what is -84327b6 + -5?
-84327bb
In base 10, what is -5 - 1840097?
-1840102
In base 13, what is 31 - 149ab2?
-149a81
In base 8, what is 11237726 - -56?
11240004
In base 5, what is 0 + 31244113022?
31244113022
In base 12, what is 4 - 3528210?
-3528208
In base 10, what is -7 + -6363998?
-6364005
In base 13, what is -37 + -2997cbc?
-2998026
In base 16, what is -4c1 - -6841?
6380
In base 14, what is -415caca1 - -4?
-415cac9b
In base 5, what is -4 - 402142204?
-402142213
In base 4, what is 10312023233203 - 11?
10312023233132
In base 8, what is -627 - 467671?
-470520
In base 16, what is 23ca4b - 13?
23ca38
In base 5, what is 10022 - 13104?
-3032
In base 15, what is 6e9 - 150?
599
In base 11, what is 550 - -11a7?
1747
In base 14, what is -82b6 - 99b?
-8c73
In base 4, what is 220 - 1021131221?
-1021131001
In base 3, what is 11210122 + 21220100201?
22002011100
In base 8, what is 2 + -110641457?
-110641455
In base 8, what is 1 + 1132604355?
1132604356
In base 7, what is 2535422 + -16?
2535403
In base 14, what is 802a75 - -2?
802a77
In base 2, what is 1001000010001 - 111110110000100?
-110101101110011
In base 9, what is 6340065 + -1?
6340064
In base 4, what is -10032 + -203003231?
-203013323
In base 15, what is 0 + 4bdcb?
4bdcb
In base 9, what is 1 + 8204880?
8204881
In base 3, what is 10 + -21202212022001010?
-21202212022001000
In base 7, what is -424613 - -441?
-424142
In base 3, what is -21202 - -1220000102?
1212201200
In base 13, what is -4a4450b + -b?
-4a44519
In base 13, what is -2377 + 1229?
-114b
In base 12, what is -1716 + -1478?
-2b92
In base 16, what is 2a0 - 7d?
223
In base 6, what is -235 - -4014124?
4013445
In base 9, what is -3 - -23516571?
23516567
In base 7, what is 2002543 - 3234?
1666306
In base 5, what is 14403311043 + -2?
14403311041
In base 12, what is -1939b2a2 - 5?
-1939b2a7
In base 15, what is 1d84 + 1c47?
3acb
In base 13, what is -451058 + 29?
-45102c
In base 5, what is -202110242 + 33?
-202110204
In base 3, what is -211012121211 + 112000?
-211012002211
In base 16, what is -28a8f0a - -4?
-28a8f06
In base 8, what is 77004643 + -7?
77004634
In base 4, what is -121010011033 + -2?
-121010011101
In base 15, what is 1 + -3de207?
-3de206
In base 16, what is ba89b - 32f?
ba56c
In base 11, what is -1290 + -2426?
-3706
In base 8, what is -34 - -6610430?
6610374
In base 5, what is 1044124413 + -10?
1044124403
In base 13, what is -14b972a39 - 1?
-14b972a3a
In base 10, what is 30744 - 16882?
13862
In base 14, what is 0 - 2ddd702?
-2ddd702
In base 11, what is -575219432 + -3?
-575219435
In base 11, what is 150184 + -25a?
14aa25
In base 4, what is -3 + -111303301230?
-111303301233
In base 13, what is -2008c - -5a1?
-1c7bb
In base 14, what is -146a4c7 - 12?
-146a4d9
In base 7, what is 41605 + 110236?
152144
In base 14, what is -2a1 - -1483?
11c2
In base 5, what is 201002 - -140440?
341442
In base 10, what is 41 - 17673?
-17632
In base 7, what is -15 - -12642533?
12642515
In base 3, what is 1 + -102121112000200?
-102121112000122
In base 12, what is -4 - -40264b13?
40264b0b
In base 8, what is 2132717 + 260?
2133177
In base 10, what is -11 + 36151067?
36151056
In base 3, what is 120201 + -102210112010?
-102202221102
In base 5, what is -220 - 22202202?
-22202422
In base 15, what is 6c6359 + -3?
6c6356
In base 8, what is 314 + -72457?
-72143
In base 11, what is 178513 + 2198?
17a700
In base 4, what is 202 - 33010302?
-33010100
In base 8, what is 6 - 2454651?
-2454643
In base 8, what is 2721113 - -63?
2721176
In base 16, what is -a0cf + -cc?
-a19b
In base 9, what is 175850614 - 4?
175850610
In base 14, what is 7 - 2430c1?
-2430b8
In base 7, what is 640111 - 106?
640002
In base 6, what is -1114 + 202005?
200451
In base 16, what is 6ddaa50 + -3?
6ddaa4d
In base 16, what is -b744c9 + 5?
-b744c4
In base 2, what is -1010011001110001101010010 + 100?
-1010011001110001101001110
In base 11, what is 0 - -1a2071a5?
1a2071a5
In base 5, what is -2 - -123332112?
123332110
In base 7, what is -2 - 516250?
-516252
In base 9, what is 104407350 - -1?
104407351
In base 5, what is -131310 - 10002422?
-10134232
In base 13, what is -52878 - -86a?
-5200b
In base 5, what is -2 + 111231200023?
11